{"id":701,"date":"2020-12-01T12:29:12","date_gmt":"2020-12-01T12:29:12","guid":{"rendered":"http:\/\/demo.themegrill.com\/estore-pro\/?post_type=product&#038;p=701"},"modified":"2021-01-28T10:33:01","modified_gmt":"2021-01-28T10:33:01","slug":"la-colombe-n-204-dec-2020-pdf","status":"publish","type":"product","link":"https:\/\/radioespoir.ci\/lacolombe\/produit\/la-colombe-n-204-dec-2020-pdf\/","title":{"rendered":"La Colombe N\u00b0 204 &#8211; DEC 2020 (PDF)"},"content":{"rendered":"<p>\u00ab\u00a0LA COLOMBE\u00a0\u00bb est un condens\u00e9 d\u2019articles riches et diversifi\u00e9s (Interviews, Reportages,\u00a0 Enseignements \u2026), pour \u00eatre au c\u0153ur de l\u2019actualit\u00e9 catholique, dans le monde, en Afrique, en C\u00f4te d\u2019Ivoire et surtout pour\u00a0 la formation des chr\u00e9tiens.<\/p>\n<p>Bulletin d\u2019Informations et de Formation du dioc\u00e8se de Grand\u2013Bassam, LA COLOMBE para\u00eet r\u00e9guli\u00e8rement depuis 1997.<\/p>\n<p>Dans ce num\u00e9ro:<\/p>\n<p><strong>* Situation socio-politique ivoirienne<\/strong>: les \u00e9v\u00eaques pour la promotion de la paix par le respect de la loi et des libert\u00e9s<\/p>\n<p><strong>* Paroisse saint Pierre d\u2019Anoumabo<\/strong>: Le Fonds de r\u00e9serve pour la CARITAS cr\u00e9\u00e9<\/p>\n<p><strong>* 125 ans d\u2019\u00e9vang\u00e9lisation de la C\u00f4te d\u2019Ivoire<\/strong>: La SMA dans la mouvance du jubil\u00e9<\/p>\n<p><strong>* Dioc\u00e8se d\u2019Abidjan<\/strong>: Th\u00e8me reconduit pour un nouveau contrat social dans notre pays<\/p>\n<p><strong>* Province Eccl\u00e9siastique d\u2019Abidjan<\/strong>: \u00ab\u00a0Compagnon de pri\u00e8re\u00a0\u00bb seul et unique missel mensuel<\/p>\n<p><strong>* Paroisse Saint Esprit de Mockeyville (Grand-Bassam) \/ Mgr Jacques AHIWA<\/strong>: \u00abTournons nos regards et nos c\u0153urs vers le Roi pour lui dire merci\u00bb<\/p>\n<p><strong>* Dioc\u00e8se de Grand-Bassam \/ Ordination Mgr AHOUA<\/strong>: \u00abServez Dieu, dans la v\u00e9rit\u00e9, la simplicit\u00e9 et l\u2019humilit\u00e9.\u00bb<\/p>\n<p><strong>* Formation<\/strong>: No\u00ebl, Pouvoir d\u2019Amour<\/p>\n<p><strong>* C\u00e9l\u00e9bration des 125 ans d\u2019\u00e9vang\u00e9lisation de la C\u00f4te d\u2019Ivoire<\/strong>: Nous y sommes!<\/p>\n<p><strong>* Education Catholique<\/strong>: Le Coll\u00e8ge Catholique Sainte Anne de Port\u2013Bou\u00ebt fait sa rentr\u00e9e<\/p>\n<p>&nbsp;<\/p>\n<div>Achetez, lisez et faites lire LA COLOMBE pour votre instruction spirituelle personnelle.<\/div>\n<div><\/div>\n<div><\/div>\n<div id=\"m_7404556751385530943yMail_cursorElementTracker_1608655685954\"><\/div>\n","protected":false},"excerpt":{"rendered":"<p>\u00ab\u00a0LA COLOMBE\u00a0\u00bb est un condens\u00e9 d\u2019articles riches et diversifi\u00e9s (Interviews, Reportages,\u00a0 Enseignements \u2026), pour \u00eatre au c\u0153ur de l\u2019actualit\u00e9 catholique,<\/p>\n","protected":false},"featured_media":2051,"comment_status":"open","ping_status":"closed","template":"","meta":[],"product_cat":[27],"product_tag":[61],"class_list":["post-701","product","type-product","status-publish","has-post-thumbnail","hentry","product_cat-version-numerique","product_tag-pdf"],"_links":{"self":[{"href":"https:\/\/radioespoir.ci\/lacolombe\/wp-json\/wp\/v2\/product\/701","targetHints":{"allow":["GET"]}}],"collection":[{"href":"https:\/\/radioespoir.ci\/lacolombe\/wp-json\/wp\/v2\/product"}],"about":[{"href":"https:\/\/radioespoir.ci\/lacolombe\/wp-json\/wp\/v2\/types\/product"}],"replies":[{"embeddable":true,"href":"https:\/\/radioespoir.ci\/lacolombe\/wp-json\/wp\/v2\/comments?post=701"}],"wp:featuredmedia":[{"embeddable":true,"href":"https:\/\/radioespoir.ci\/lacolombe\/wp-json\/wp\/v2\/media\/2051"}],"wp:attachment":[{"href":"https:\/\/radioespoir.ci\/lacolombe\/wp-json\/wp\/v2\/media?parent=701"}],"wp:term":[{"taxonomy":"product_cat","embeddable":true,"href":"https:\/\/radioespoir.ci\/lacolombe\/wp-json\/wp\/v2\/product_cat?post=701"},{"taxonomy":"product_tag","embeddable":true,"href":"https:\/\/radioespoir.ci\/lacolombe\/wp-json\/wp\/v2\/product_tag?post=701"}],"curies":[{"name":"wp","href":"https:\/\/api.w.org\/{rel}","templated":true}]}}