{"id":2675,"date":"2021-07-04T18:39:31","date_gmt":"2021-07-04T18:39:31","guid":{"rendered":"https:\/\/radioespoir.ci\/lacolombe\/?post_type=product&#038;p=2675"},"modified":"2021-09-04T18:47:11","modified_gmt":"2021-09-04T18:47:11","slug":"la-colombe-n-211-juillet-aout-2021-pdf","status":"publish","type":"product","link":"https:\/\/radioespoir.ci\/lacolombe\/produit\/la-colombe-n-211-juillet-aout-2021-pdf\/","title":{"rendered":"La Colombe N\u00b0 211 \u2013 JUILLET-AOUT 2021 (PDF)"},"content":{"rendered":"<p>\u00ab LA COLOMBE \u00bb est un condens\u00e9 d\u2019articles riches et diversifi\u00e9s (Interviews, Reportages, Enseignements \u2026), pour \u00eatre au c\u0153ur de l\u2019actualit\u00e9 catholique, dans le monde, en Afrique, en C\u00f4te d\u2019Ivoire et surtout pour la formation des chr\u00e9tiens.<\/p>\n<p>Bulletin d\u2019Informations et de Formation du dioc\u00e8se de Grand\u2013Bassam, LA COLOMBE para\u00eet r\u00e9guli\u00e8rement depuis 1997.<\/p>\n<p>Dans ce num\u00e9ro:<\/p>\n<p>* Dioc\u00e8se d&rsquo;Abidjan: Voici les affectations et nominations au titre de l&rsquo;ann\u00e9e pastorale 2021\/2022<br \/>\n* Dioc\u00e8se de Yopougon: Affectations et nominations disponibles<br \/>\n* En visite en C\u00f4te d&rsquo;Ivoire: Mgr D&rsquo;ORNELLAS en p\u00e8lerinage dans le dioc\u00e8se de Grand-Bassam<br \/>\n* Cl\u00f4ture de l&rsquo;ann\u00e9e pastorale 2020\/2021: Chantier de la cath\u00e9drale Saint Esprit, Des efforts financiers attendus l&rsquo;ann\u00e9e prochaine<br \/>\n* Caritas Nationale: la 4\u00e8 AGO donne une feuille de route \u00e0 chaque entit\u00e9<br \/>\n* Dioc\u00e8se de Grand-Bassam: Composition des \u00e9quipes presbyt\u00e9rales et des institutions<br \/>\n* Williasmville \/ 50 ans de la paroisse Saint KIZITO: le Cardinal confie une importante mission aux paroissiens<\/p>\n<p>Achetez, lisez et faites lire LA COLOMBE pour votre instruction spirituelle personnelle.<\/p>\n<p>&nbsp;<\/p>\n<p>&nbsp;<\/p>\n","protected":false},"excerpt":{"rendered":"<p>\u00ab LA COLOMBE \u00bb est un condens\u00e9 d\u2019articles riches et diversifi\u00e9s (Interviews, Reportages, Enseignements \u2026), pour \u00eatre au c\u0153ur de<\/p>\n","protected":false},"featured_media":2676,"comment_status":"open","ping_status":"closed","template":"","meta":[],"product_cat":[27],"product_tag":[87],"class_list":["post-2675","product","type-product","status-publish","has-post-thumbnail","hentry","product_cat-version-numerique","product_tag-la-colombe-n-211-juillet-aout-2021-pdf"],"_links":{"self":[{"href":"https:\/\/radioespoir.ci\/lacolombe\/wp-json\/wp\/v2\/product\/2675","targetHints":{"allow":["GET"]}}],"collection":[{"href":"https:\/\/radioespoir.ci\/lacolombe\/wp-json\/wp\/v2\/product"}],"about":[{"href":"https:\/\/radioespoir.ci\/lacolombe\/wp-json\/wp\/v2\/types\/product"}],"replies":[{"embeddable":true,"href":"https:\/\/radioespoir.ci\/lacolombe\/wp-json\/wp\/v2\/comments?post=2675"}],"wp:featuredmedia":[{"embeddable":true,"href":"https:\/\/radioespoir.ci\/lacolombe\/wp-json\/wp\/v2\/media\/2676"}],"wp:attachment":[{"href":"https:\/\/radioespoir.ci\/lacolombe\/wp-json\/wp\/v2\/media?parent=2675"}],"wp:term":[{"taxonomy":"product_cat","embeddable":true,"href":"https:\/\/radioespoir.ci\/lacolombe\/wp-json\/wp\/v2\/product_cat?post=2675"},{"taxonomy":"product_tag","embeddable":true,"href":"https:\/\/radioespoir.ci\/lacolombe\/wp-json\/wp\/v2\/product_tag?post=2675"}],"curies":[{"name":"wp","href":"https:\/\/api.w.org\/{rel}","templated":true}]}}