{"id":2555,"date":"2021-01-03T14:13:49","date_gmt":"2021-01-03T14:13:49","guid":{"rendered":"https:\/\/radioespoir.ci\/lacolombe\/?post_type=product&#038;p=2555"},"modified":"2021-02-18T18:40:36","modified_gmt":"2021-02-18T18:40:36","slug":"la-colombe-n-205-janvier-2021-pdf","status":"publish","type":"product","link":"https:\/\/radioespoir.ci\/lacolombe\/produit\/la-colombe-n-205-janvier-2021-pdf\/","title":{"rendered":"La Colombe N\u00b0 205 \u2013 JANVIER 2021 (PDF)"},"content":{"rendered":"<p>\u00ab LA COLOMBE \u00bb est un condens\u00e9 d\u2019articles riches et diversifi\u00e9s (Interviews, Reportages, Enseignements \u2026), pour \u00eatre au c\u0153ur de l\u2019actualit\u00e9 catholique, dans le monde, en Afrique, en C\u00f4te d\u2019Ivoire et surtout pour la formation des chr\u00e9tiens.<\/p>\n<p>Bulletin d\u2019Informations et de Formation du dioc\u00e8se de Grand\u2013Bassam, LA COLOMBE para\u00eet r\u00e9guli\u00e8rement depuis 1997.<\/p>\n<p>Dans ce num\u00e9ro:<br \/>\n<strong>* 54\u00e8me Journ\u00e9e mondiale de la paix<\/strong>: le cardinal Jean-Pierre KUTWA parle aux ivoiriens<br \/>\n<strong>* Hommage \/ Chaire UNESCO<\/strong> : le p\u00e8re ABEKAN fait Ambassadeur pour la culture de la paix<br \/>\n<strong>* V\u0153ux 2021\/ Situation Sociopolitique en C\u00f4te d\u2019Ivoire<\/strong>: Archev\u00eaques et Ev\u00eaques lancent un cri du c\u0153ur<br \/>\n<strong>* Gros plan: paroisse saint Jacques des II-Plateaux \/ Jean-Pierre Cardinal KUTWA aux cadres<\/strong> : \u00ab Je compte sur vous. Notre \u00c9glise en C\u00f4te d\u2019Ivoire compte sur vous\u00bb<br \/>\n<strong>* Retrouvailles de fin d\u2019ann\u00e9e \u00e0 la r\u00e9sidence \u00e9piscopale<\/strong>: Pr\u00eatres et Religieux font le show<br \/>\n<strong>* Nouvelle ann\u00e9e:<\/strong> Mgr AHOUA, pr\u00eatres, religieuse et dioc\u00e9sains pr\u00e9sentent leurs v\u0153ux<br \/>\n<strong>* Paroisse Saint Pierre Claver<\/strong>: les villages Abour\u00e9 en p\u00e8lerinage \u00e0 Bonoua<\/p>\n<p>Achetez, lisez et faites lire LA COLOMBE pour votre instruction spirituelle personnelle.<\/p>\n<p>&nbsp;<\/p>\n","protected":false},"excerpt":{"rendered":"<p>\u00ab LA COLOMBE \u00bb est un condens\u00e9 d\u2019articles riches et diversifi\u00e9s (Interviews, Reportages, Enseignements \u2026), pour \u00eatre au c\u0153ur de<\/p>\n","protected":false},"featured_media":2556,"comment_status":"open","ping_status":"closed","template":"","meta":[],"product_cat":[27],"product_tag":[79],"class_list":["post-2555","product","type-product","status-publish","has-post-thumbnail","hentry","product_cat-version-numerique","product_tag-la-colombe-n-205-janvier-2021-pdf"],"_links":{"self":[{"href":"https:\/\/radioespoir.ci\/lacolombe\/wp-json\/wp\/v2\/product\/2555","targetHints":{"allow":["GET"]}}],"collection":[{"href":"https:\/\/radioespoir.ci\/lacolombe\/wp-json\/wp\/v2\/product"}],"about":[{"href":"https:\/\/radioespoir.ci\/lacolombe\/wp-json\/wp\/v2\/types\/product"}],"replies":[{"embeddable":true,"href":"https:\/\/radioespoir.ci\/lacolombe\/wp-json\/wp\/v2\/comments?post=2555"}],"wp:featuredmedia":[{"embeddable":true,"href":"https:\/\/radioespoir.ci\/lacolombe\/wp-json\/wp\/v2\/media\/2556"}],"wp:attachment":[{"href":"https:\/\/radioespoir.ci\/lacolombe\/wp-json\/wp\/v2\/media?parent=2555"}],"wp:term":[{"taxonomy":"product_cat","embeddable":true,"href":"https:\/\/radioespoir.ci\/lacolombe\/wp-json\/wp\/v2\/product_cat?post=2555"},{"taxonomy":"product_tag","embeddable":true,"href":"https:\/\/radioespoir.ci\/lacolombe\/wp-json\/wp\/v2\/product_tag?post=2555"}],"curies":[{"name":"wp","href":"https:\/\/api.w.org\/{rel}","templated":true}]}}